5385030 is divided by 1335?
5
What is the remainder when 12415076 is divided by 411?
410
What is the remainder when 105515 is divided by 8105?
150
Calculate the remainder when 38654 is divided by 2023.
217
What is the remainder when 55570 is divided by 18453?
211
What is the remainder when 9651724 is divided by 217?
215
Calculate the remainder when 5978 is divided by 2246.
1486
Calculate the remainder when 41342 is divided by 6132.
4550
Calculate the remainder when 16190 is divided by 3697.
1402
What is the remainder when 892637 is divided by 6?
5
Calculate the remainder when 369279 is divided by 128.
127
Calculate the remainder when 17479 is divided by 5010.
2449
What is the remainder when 6838489 is divided by 51417?
28
Calculate the remainder when 44856 is divided by 21685.
1486
What is the remainder when 5553156 is divided by 343?
329
Calculate the remainder when 48384 is divided by 3578.
1870
What is the remainder when 95960 is divided by 31642?
1034
Calculate the remainder when 154974136 is divided by 885.
16
Calculate the remainder when 78835155 is divided by 75.
30
Calculate the remainder when 155425 is divided by 105.
25
What is the remainder when 4317385 is divided by 187708?
101
What is the remainder when 318253486 is divided by 12?
10
What is the remainder when 84461 is divided by 84325?
136
Calculate the remainder when 85342184 is divided by 3558.
3554
Calculate the remainder when 208597 is divided by 4849.
90
Calculate the remainder when 1026563 is divided by 26322.
5
Calculate the remainder when 7150085 is divided by 1730.
1725
What is the remainder when 257575929 is divided by 63?
51
Calculate the remainder when 632120 is divided by 158007.
92
What is the remainder when 994316 is divided by 28404?
176
What is the remainder when 1781735 is divided by 194?
39
Calculate the remainder when 864696 is divided by 102.
42
Calculate the remainder when 1039575 is divided by 588.
579
Calculate the remainder when 47536 is divided by 190.
36
Calculate the remainder when 33006282 is divided by 218.
210
What is the remainder when 5390175 is divided by 101701?
22
What is the remainder when 1509243 is divided by 4964?
187
Calculate the remainder when 65297 is divided by 549.
515
What is the remainder when 405273 is divided by 19298?
15
What is the remainder when 1520985 is divided by 6035?
165
What is the remainder when 985770 is divided by 492694?
382
Calculate the remainder when 678696 is divided by 61199.
5507
Calculate the remainder when 1896722 is divided by 2612.
410
Calculate the remainder when 98821 is divided by 289.
272
Calculate the remainder when 1644183 is divided by 178.
175
Calculate the remainder when 1367395 is divided by 137.
135
Calculate the remainder when 2913338 is divided by 835.
23
Calculate the remainder when 45663563 is divided by 1426985.
43
What is the remainder when 288435 is divided by 805?
245
What is the remainder when 97112950 is divided by 47?
46
What is the remainder when 453896 is divided by 8728?
40
Calculate the remainder when 65690622 is divided by 1001.
998
Calculate the remainder when 15992071 is divided by 31357.
1
Calculate the remainder when 34682 is divided by 8565.
422
Calculate the remainder when 52715 is divided by 2541.
1895
What is the remainder when 10263 is divided by 5108?
47
Calculate the remainder when 4095654 is divided by 34707.
228
What is the remainder when 234897852 is divided by 78299280?
12
What is the remainder when 190815 is divided by 161?
30
Calculate the remainder when 52021078 is divided by 112.
102
What is the remainder when 24108234 is divided by 87?
12
What is the remainder when 58559 is divided by 2896?
639
Calculate the remainder when 826095 is divided by 160.
15
What is the remainder when 23056 is divided by 10297?
2462
What is the remainder when 260029 is divided by 259304?
725
Calculate the remainder when 9202470 is divided by 244.
10
What is the remainder when 260633 is divided by 2392?
2297
Calculate the remainder when 155771031 is divided by 248.
247
Calculate the remainder when 206996 is divided by 22976.
212
What is the remainder when 421354 is divided by 139?
45
Calculate the remainder when 35608217 is divided by 847814.
29
Calculate the remainder when 673125 is divided by 672848.
277
What is the remainder when 73489012 is divided by 74?
56
Calculate the remainder when 5818137 is divided by 171121.
23
What is the remainder when 14100376 is divided by 46?
42
Calculate the remainder when 9345168 is divided by 1585.
8
What is the remainder when 13099 is divided by 4316?
151
What is the remainder when 232959 is divided by 117?
12
Calculate the remainder when 2770900 is divided by 1885.
1835
Calculate the remainder when 903960 is divided by 3798.
36
What is the remainder when 113240 is divided by 8688?
296
What is the remainder when 26672886 is divided by 21580?
6
What is the remainder when 3454100 is divided by 258?
254
Calculate the remainder when 482579 is divided by 60322.
3
What is the remainder when 61110852 is divided by 1095?
1092
What is the remainder when 1204698 is divided by 70860?
78
What is the remainder when 1480592 is divided by 6247?
53
What is the remainder when 7208692 is divided by 901085?
12
What is the remainder when 670241 is divided by 2121?
5
What is the remainder when 697286877 is divided by 1384?
1381
Calculate the remainder when 24675244 is divided by 5259.
16
Calculate the remainder when 40356099 is divided by 67.
56
Calculate the remainder when 1756782 is divided by 211.
207
What is the remainder when 4793009 is divided by 1763?
1175
What is the remainder when 6902967 is divided by 2300989?
0
Calculate the remainder when 3065750 is divided by 40338.
62
What is the remainder when 831031 is divided by 724?
603
What is the remainder when 91866 is divided by 20?
6
What is the remainder when 3446580 is divided by 5994?
30
Calculate the remainder when 650228 is divided by 650193.
35
Calculate the remainder when 669186 is divided by 2276.
42
What is the remainder when 47485 is divided by 4582?
1665
Calculate the remainder when 40558015 is divided by 111.
58
What is the remainder when 3737680 is divided by 46?
42
What is the remainder when 9167526 is divided by 77?
60
Calculate the remainder when 1863159 is divided by 4647.
4359
What is the remainder when 335698840 is divided by 365685?
10
Calculate the remainder when 1301362 is divided by 1343.
1338
What is the remainder when 62044 is divided by 62032?
12
What is the remainder when 51241 is divided by 1705?
91
Calculate the remainder when 44281372 is divided by 90186.
46
What is the remainder when 1322509 is divided by 1058?
9
Calculate the remainder when 24481691 is divided by 322.
31
What is the remainder when 18534083 is divided by 2066?
2063
What is the remainder when 274076 is divided by 68410?
436
Calculate the remainder when 19306905 is divided by 2188.
2181
What is the remainder when 574585 is divided by 4164?
4117
What is the remainder when 81930206 is divided by 6?
2
What is the remainder when 3393680 is divided by 1175?
280
What is the remainder when 6229846 is divided by 84187?
8
What is the remainder when 2624531 is divided by 77192?
3
Calculate the remainder when 63516 is divided by 2570.
1836
Calculate the remainder when 10790605 is divided by 3596860.
25
Calculate the remainder when 7144647 is divided by 2749.
2745
Calculate the remainder when 421491 is divided by 105232.
563
What is the remainder when 3298422 is divided by 1320?
1062
Calculate the remainder when 11106997 is divided by 3702321.
34
What is the remainder when 1843756 is divided by 80?
76
What is the remainder when 80427 is divided by 209?
171
What is the remainder when 1834369 is divided by 32750?
369
What is the remainder when 1712694 is divided by 570065?
2499
What is the remainder when 157767 is divided by 22499?
274
Calculate the remainder when 383560 is divided by 95819.
284
Calculate the remainder when 15777227 is divided by 1799.
1796
What is the remainder when 3392639 is divided by 384?
383
Calculate the remainder when 42646234 is divided by 10661555.
14
What is the remainder when 1123921 is divided by 1507?
1206
Calculate the remainder when 622924 is divided by 2472.
2452
Calculate the remainder when 4